 -2*r - q*r - 3*i. What are the prime factors of r?
2, 11
Let v be (16/((-112)/(-357)))/(1 + 2). Suppose v*t - 1155 = 10*t. List the prime factors of t.
3, 5, 11
Let u(m) = m**2 - 47*m + 157. Let t be u(45). What are the prime factors of (t + -66)/((6/(-508))/(-3))?
2, 127
Let m = 38 + -44. Let w be -1 - (m/(-3) - 48). List the prime factors of 438/5 - (-18)/w.
2, 11
Suppose 347*w + 22200 = 343*w. What are the prime factors of w/(-14) + (-196)/(-343)?
397
What are the prime factors of (-2222412)/(-3483) + (1 - 29/27)?
2, 11, 29
Let o(i) = -i**3 - 11*i**2 + 3*i + 18. Let y(g) = -g**2. Let w(j) = o(j) - 5*y(j). Let r be w(-6). Suppose z - 61 + 5 = r. List the prime factors of z.
2, 7
Let o(l) = 23*l**2 + l - 1. Let r be o(1). Let k = 20 + r. Let c = 33 + k. List the prime factors of c.
2, 19
Suppose 2*z = -3*z + 8468 + 12847. List the prime factors of z.
3, 7, 29
Suppose -8*z + 46 = -2. Let l(w) = -6 - 21*w + z - 34 + 14*w. List the prime factors of l(-10).
2, 3
Let z(b) = -13 - 6*b**2 - 13*b + 13 + 5*b**2 + 22. Let v be z(-18). Let c = -19 - v. List the prime factors of c.
7
Suppose 2*s = 3*r - 7, 5*s + 7 + 14 = 4*r. Let z be (10/10)/(r/1). What are the prime factors of 1692/27 + z/(-3)?
3, 7
Suppose -5*j + 5*n + 4817 + 14323 = 0, 15328 = 4*j + 4*n. Suppose -1498 = -24*f + j. List the prime factors of f.
2, 3, 37
Suppose -8*w - 340 = -12*w. Suppose -w = l - 8. Let v = -27 - l. What are the prime factors of v?
2, 5
Let z = 169 - -4926. What are the prime factors of z?
5, 1019
Let o(x) be the second derivative of -221*x**3/6 + 19*x**2 + 2*x - 1. List the prime factors of o(-2).
2, 3, 5
Let k = -263 - -395. Suppose 135*q = k*q + 276. What are the prime factors of q?
2, 23
Suppose -29*l + 25*l + 240 = 0. List the prime factors of l/(-930) - 7101/(-31).
229
Suppose r = -4*r + 25. List the prime factors of (-16)/(-4) + 26*3*r.
2, 197
Suppose 4*u - 7 = -0*u + 3*q, 5*u + 2*q = 26. Suppose 4*a - b - 4210 = -13, -u*a - 5*b = -4167. What are the prime factors of a?
2, 131
Suppose 64*i - 198*i = 191*i - 1721850. List the prime factors of i.
2, 3, 883
Suppose 4*i = 16, 176 = -4*g + i + 4636. What are the prime factors of g?
2, 3, 31
Suppose -360 = -4*l + l + 5*v, -600 = -5*l + 4*v. Let o = -174 + l. What are the prime factors of 4/18 - 10302/o?
191
Let u(g) = -659*g + 65. Let l be u(3). List the prime factors of (l/(-48))/((-1)/(-6)).
239
Suppose -1278 - 1518 = -6*j. Suppose 0 = -29*w + 4497 - j. List the prime factors of w.
139
Let o(b) = -462*b**3 + 8*b**2 - 5*b - 49. List the prime factors of o(-4).
3, 11, 29, 31
Let z be (0/(-2))/2 - (-11 + 9). Let q = z - -179. Let f = -64 + q. List the prime factors of f.
3, 13
Let q(z) = -z**2 - 61*z - 146. Suppose 5*k = 3*t - 222, -6*k - t = -9*k - 134. What are the prime factors of q(k)?
2, 7, 41
Suppose -1 = -5*q + 14. Suppose -9*h = -6*h + q. What are the prime factors of (-3 - (-8)/6)*h*30?
2, 5
Suppose 217*p - 228*p + 117018 = 0. What are the prime factors of p?
2, 3, 197
Suppose t + z + 3936 = 13597, -t + 9655 = 3*z. List the prime factors of t.
2, 151
Let z be 18/(-24) + 4/(-16) + 1. Suppose -5*c - 3 = v - 10, z = 4*v - 2*c + 16. What are the prime factors of ((v - -7) + 24)*(-11)/(-4)?
7, 11
Suppose -10*t = -21*t - 88. Let r(h) = 27*h**2 + 45*h + 203. What are the prime factors of r(t)?
1571
Suppose 4*q + d + 177 = 1566, 3*d + 9 = 0. Suppose 0 = -3*l + 4*l - q. What are the prime factors of l/4 - 7/((-14)/4)?
89
Suppose -4*m = -37 + 1. Let t be ((-21)/m + 3)*3. Suppose 44 = t*z - 62. What are the prime factors of z?
53
Let o(c) = -c**3 - 4*c**2 + 32*c + 11. Suppose s = -5*z - 57, -13*z - 61 = -8*z + 3*s. List the prime factors of o(z).
2, 11, 23
Suppose -13*k = -68738 - 168538. What are the prime factors of k?
2, 3, 13
Let u = -143 - -152. Suppose -5*y = u*y - 1162. What are the prime factors of y?
83
Let o(x) = 4*x**2 + 16*x + 40. Let j be o(-5). What are the prime factors of (j - -2) + (9 - 4)?
67
Suppose 4*l = -9*r + 4*r + 29, 1 = l. Suppose -r*x = 2*x - 889. What are the prime factors of x?
127
What are the prime factors of -102748*(-10 + 61/6)*3/(-2)?
17, 1511
Suppose -13*m - 17393 + 62680 = 10*m. What are the prime factors of m?
11, 179
Suppose 4*u - f + 15 - 34 = 0, 4*f = 3*u - 24. What are the prime factors of (-6)/u*23492/(-42)?
839
Let y = 2220 + -2108. What are the prime factors of y?
2, 7
Suppose 34*m - 32*m + 4*x = -12, -4*x = 16. Suppose m*l - 3674 = h, 4*h = -3*l + 4527 + 962. What are the prime factors of l?
5, 367
Suppose -272*i = -318*i + 501754 - 11256. What are the prime factors of i?
10663
Let h(i) = -1298*i + 333. What are the prime factors of h(-5)?
6823
Let b(z) = z**2 + 8*z + 3. Let c be b(-6). Let j be (-192)/10*(c/3 - -8). Let k = -90 - j. List the prime factors of k.
2, 3
Let s(n) = 2588*n - 5033. What are the prime factors of s(15)?
13, 23, 113
Let h be (-34860)/(-22) + (-492)/902. What are the prime factors of 10/5 + -7 + h?
1579
Let r(k) = -k**2 - 21*k + 51. Let b be r(-23). Suppose -5*l + 3*w = -l - 179, 3*l = -b*w + 127. Let s = -32 + l. What are the prime factors of s?
2, 3
Suppose 4*g - 285 = -77. Let q = -45 + g. Let j(f) = 2*f**2 - 10*f. List the prime factors of j(q).
2, 7
Let t(d) = -29*d + 56. Let a be t(-10). Let y = 490 - a. List the prime factors of y.
2, 3
Let k(a) = 3 + 53*a**2 - 8 + 0*a - a + 6*a. List the prime factors of k(3).
487
Suppose -2*r = 15*n - 17*n - 33530, 2*r + 4*n - 33494 = 0. What are the prime factors of r?
16759
Suppose 114*h - 649000 = -4*h. List the prime factors of h.
2, 5, 11
Suppose -1756 = -3*l + 5*s, 22*l - 21*l = -5*s + 612. Suppose -5*v + l = -2413. List the prime factors of v.
601
Suppose -21 = -7*q - 0*q. Suppose -6 = -3*l - 3*b, 3*l = 2*l - q*b + 2. List the prime factors of 1926/21 + -3 - l/(-7).
89
Suppose -4*v + 55370 = -3*o, 11*v = 10*v - o + 13846. What are the prime factors of v?
2, 3461
Let n be 16*6/(-120)*-5. Suppose 2*p + 229 = 2*b - 805, 0 = n*p + 8. What are the prime factors of b?
5, 103
List the prime factors of 3 + -7 + 3 + 853.
2, 3, 71
Let y = 32 - 29. Let s(o) = o - 9. Let x be s(y). List the prime factors of (-57)/x*4 - (1 + 1).
2, 3
Let u(j) = j**3 - 5*j**2 - 4*j - 8. Let n be (2 - -1 - 4)*-3 + 3. Let f be u(n). What are the prime factors of (0 - f)/((-4)/2) + 15?
17
Let u = 5461 + 7486. List the prime factors of u.
11, 107
List the prime factors of ((2 - 3)*(-48)/96)/((-2)/(-121848)).
2, 3, 5077
Suppose -2*y + 12 = -3*m, -2*y - y - 2*m = 8. Let z be (-3 - y)/((-33)/(-374)) + 1. Let b = z - -131. What are the prime factors of b?
2, 7
Suppose -1 = -v + 3*a + 2, -v - 9 = a. Let w be (-47)/(2/v*3). Suppose -44*z - 318 = -w*z. What are the prime factors of z?
2, 53
Suppose 0 = -5*h - 20, 5*h + 244 = -3*q + q. Let c = 61 + q. Let v = -18 - c. What are the prime factors of v?
3, 11
Let f(p) = -30*p**2 - 18*p - 112. Let r be f(-7). List the prime factors of (2 - (r/10)/2)*5.
2, 11, 17
Suppose 2*g + 2*h - 35634 = 36988, -40 = 5*h. What are the prime factors of g?
36319
Suppose 3*x = -5*x + 104. Suppose -x*c + 175 = -8*c. What are the prime factors of c?
5, 7
Suppose -v + 3034 = -10343. Suppose -4293 = -31*y + v. What are the prime factors of y?
2, 3, 5, 19
Let v(o) be the second derivative of o**5/20 - o**4/2 + 7*o**3/3 + 41*o**2/2 - 112*o. What are the prime factors of v(10)?
7, 83
Let p(t) = -111*t + 3385. List the prime factors of p(-38).
7603
What are the prime factors of ((-14)/14)/(7/(-126259))?
17, 1061
Suppose -5*r + 1532*l + 294103 = 1533*l, l = 4*r - 235277. What are the prime factors of r?
2, 5, 17, 173
Let g be 3/4*(88/(-12) - -10). Suppose g*y = 2*n - 444, 4*n + 5*y = 18 + 915. What are the prime factors of n?
227
Let c(y) = 2*y**3 - 2*y**2 - 3*y - 17. Let q be c(5). Suppose 6*f - 1020 + q = 0. Suppose 0 = 5*o - f - 383. What are the prime factors of o?
3, 5, 7
Suppose 55 + 65 = -10*i. What are the prime factors of 3 - (-270 - i/(-3))?
277
Let w = 598 + -605. Let p(r) = 9*r**2 - 12*r + 17. List the prime factors of p(w).
2, 271
Suppose l + 4*w + 488 = -w, -4*w = 0. Let p = -56 - l. List the prime factors of p.
2, 3
Let o(f) = 6*f + 49. Let i be o(16). Let p = i - 174. Let g(y) = -4*y + 12. List the prime factors of g(p).
2
Suppose 42*z + 2408 = 50*z. Suppose 2*x + 0*x - 319 = 3*a, 2*x = -3*a + z. What are